98739?
1
What is the hundreds digit of 135780224?
2
What is the hundreds digit of 76367124?
1
What is the thousands digit of 306641473?
1
What is the thousands digit of 2968965993?
5
What is the ten thousands digit of 207664007?
6
What is the tens digit of 95962215?
1
What is the hundred millions digit of 312534424?
3
What is the hundreds digit of 195084341?
3
What is the ten millions digit of 272684020?
7
What is the hundreds digit of 27347528?
5
What is the hundred millions digit of 2321959511?
3
What is the tens digit of 637267288?
8
What is the millions digit of 95572084?
5
What is the hundreds digit of 16266311?
3
What is the hundreds digit of 19299778?
7
What is the hundreds digit of 1130797725?
7
What is the millions digit of 4951593092?
1
What is the millions digit of 922119989?
2
What is the hundred thousands digit of 46795390?
7
What is the units digit of 115052061?
1
What is the thousands digit of 111994928?
4
What is the millions digit of 1931376169?
1
What is the ten millions digit of 729382915?
2
What is the millions digit of 365502890?
5
What is the thousands digit of 6082636?
2
What is the thousands digit of 253732491?
2
What is the ten thousands digit of 19468648?
6
What is the units digit of 154079652?
2
What is the ten thousands digit of 85462863?
6
What is the ten millions digit of 109434769?
0
What is the tens digit of 183244127?
2
What is the hundreds digit of 136422308?
3
What is the tens digit of 8039063?
6
What is the millions digit of 4029917275?
9
What is the millions digit of 6596889962?
6
What is the ten millions digit of 52403553?
5
What is the thousands digit of 1776500334?
0
What is the tens digit of 448321971?
7
What is the ten thousands digit of 325109382?
0
What is the millions digit of 4404632785?
4
What is the thousands digit of 1066284753?
4
What is the tens digit of 110826921?
2
What is the ten thousands digit of 247714232?
1
What is the thousands digit of 333498704?
8
What is the ten millions digit of 1955079179?
5
What is the hundred millions digit of 270808685?
2
What is the thousands digit of 40666873?
6
What is the millions digit of 2321894907?
1
What is the hundred millions digit of 978824208?
9
What is the thousands digit of 85958292?
8
What is the hundreds digit of 942222921?
9
What is the ten thousands digit of 114196008?
9
What is the thousands digit of 239088695?
8
What is the hundred thousands digit of 255226565?
2
What is the hundreds digit of 4104056720?
7
What is the ten millions digit of 295045816?
9
What is the billions digit of 4436382851?
4
What is the hundred millions digit of 4384737409?
3
What is the ten millions digit of 1763417502?
6
What is the units digit of 37595877?
7
What is the thousands digit of 1449374860?
4
What is the ten millions digit of 10396627?
1
What is the tens digit of 1718307034?
3
What is the thousands digit of 5289089?
9
What is the ten millions digit of 223107953?
2
What is the units digit of 1034160414?
4
What is the tens digit of 41576946?
4
What is the units digit of 4285925932?
2
What is the ten millions digit of 1895177826?
9
What is the thousands digit of 19390551?
0
What is the units digit of 3777149860?
0
What is the hundred thousands digit of 129927878?
9
What is the hundreds digit of 59281692?
6
What is the thousands digit of 2858428640?
8
What is the thousands digit of 1655732450?
2
What is the hundreds digit of 1590149748?
7
What is the hundred millions digit of 4822334995?
8
What is the hundreds digit of 76304294?
2
What is the hundred thousands digit of 18925456?
9
What is the ten thousands digit of 669060?
6
What is the hundred millions digit of 5329729382?
3
What is the tens digit of 2399078?
7
What is the thousands digit of 40728745?
8
What is the ten millions digit of 2706423869?
0
What is the hundreds digit of 38474232?
2
What is the thousands digit of 57223625?
3
What is the hundred thousands digit of 25852433?
8
What is the hundred millions digit of 5485368924?
4
What is the units digit of 1115864908?
8
What is the ten thousands digit of 24989552?
8
What is the tens digit of 45402736?
3
What is the hundreds digit of 1203369690?
6
What is the hundred thousands digit of 699387513?
3
What is the hundred thousands digit of 95104657?
1
What is the ten millions digit of 60479017?
6
What is the tens digit of 456905092?
9
What is the ten thousands digit of 1338869632?
6
What is the ten thousands digit of 61080400?
8
What is the hundreds digit of 41825184?
1
What is the thousands digit of 1123201048?
1
What is the units digit of 547305898?
8
What is the units digit of 366777387?
7
What is the tens digit of 1055989960?
6
What is the thousands digit of 3899699366?
9
What is the tens digit of 1652421701?
0
What is the hundred thousands digit of 2210299754?
2
What is the units digit of 4121938692?
2
What is the hundred thousands digit of 56884556?
8
What is the thousands digit of 58919274?
9
What is the hundred millions digit of 551392942?
5
What is the units digit of 2410119?
9
What is the units digit of 53320122?
2
What is the units digit of 243995597?
7
What is the units digit of 349534372?
2
What is the thousands digit of 5173554436?
4
What is the hundreds digit of 202886281?
2
What is the hundred millions digit of 1350492002?
3
What is the hundred millions digit of 106482905?
1
What is the hundred millions digit of 1970079122?
9
What is the thousands digit of 533354506?
4
What is the ten thousands digit of 14820145?
2
What is the tens digit of 36150895?
9
What is the ten millions digit of 116863417?
1
What is the thousands digit of 892602577?
2
What is the ten millions digit of 118567804?
1
What is the tens digit of 346901811?
1
What is the ten thousands digit of 954825685?
2
What is the hundreds digit of 119208980?
9
What is the thousands digit of 82113898?
3
What is the ten thousands digit of 411173966?
7
What is the ten millions digit of 200583454?
0
What is the tens digit of 389358553?
5
What is the hundred millions digit of 337088606?
3
What is the units digit of 32159326?
6
What is the hundred millions digit of 789263571?
7
What is the hundreds digit of 316646555?
5
What is the ten thousands digit of 200666828?
6
What is the ten millions digit of 97779373?
9
What is the units digit of 48186536?
6
What is the hundred thousands digit of 4382269113?
2
What is the thousands digit of 349517017?
7
What is the hundred thousands digit of 16114562?
1
What is the tens digit of 2703727859?
5
What is the hundred thousands digit of 288506902?
5
What is the units digit of 7022326?
6
What is the hundred millions digit of 442683438?
4
What is the tens digit of 5383819?
1
What is the ten millions digit of 1048663850?
4
What is the thousands digit of 340202507?
2
What is the ten millions digit of 131584683?
3
What is the units digit of 53584325?
5
What is the thousands digit of 28531145?
1
What is the units digit of 62196609?
9
What is the tens digit of 1468467478?
7
What is the hundreds digit of 224114812?
8
What is the thousands digit of 44594719?
4
What is the hundred millions digit of 146374929?
1
What is the hundred thousands digit of 713045016?
0
What is the tens digit of 179023822?
2
What is the thousands digit of 23947432?
7
What is the tens digit of 746853394?
9
What is the thousands digit of 204437961?
7
What is the hundreds digit of 31573322?
3
What is the ten thousands digit of 50882039?
8
What is the ten millions digit of 62574709?
6
What is the hundred thousands digit of 116315812?
3
What is the tens digit of 988255313?
1
What is the ten thousands digit of 494951670?
5
What is the millions digit of 182048814?
2
What is the thousands digit of 136058289?
8
What is the millions digit of 18554368?
8
What is the tens digit of 249043003?
0
What is the hundreds digit of 43075761?
7
What is the tens digit of 20813165?
6
What is the ten thousands digit of 741345262?
4
What is the units digit of 57986677?
7
What is the hundred thousands digit of 311490996?
4
What is the hundreds digit of 393715098?
0
What is the ten millions digit of 10678601?
1
What is the ten millions digit of 1288839739?
8
What is the tens digit of 2429797415?
1
What is the ten millions digit of 574851534?
7
What is the units digit of 4840681?
1
What is the thousands digit of 2381